{"id":276,"date":"2023-09-19T10:24:54","date_gmt":"2023-09-19T08:24:54","guid":{"rendered":"https:\/\/blog.alpeslocation.com\/wp-content\/uploads\/2023\/09\/Ete-montagne.png"},"modified":"2023-09-19T10:25:06","modified_gmt":"2023-09-19T08:25:06","slug":"ete-montagne-2","status":"inherit","type":"attachment","link":"https:\/\/blog.alpeslocation.com\/en\/ete-montagne-2\/","title":{"rendered":"E\u0301te montagne"},"author":2,"comment_status":"open","ping_status":"closed","template":"","meta":[],"yoast_head":"<!-- This site is optimized with the Yoast SEO plugin v21.3 - https:\/\/yoast.com\/wordpress\/plugins\/seo\/ -->\n<title>E\u0301te montagne - Blog Haute-Savoie :<\/title>\n<meta name=\"robots\" content=\"index, follow, max-snippet:-1, max-image-preview:large, max-video-preview:-1\" \/>\n<link rel=\"canonical\" href=\"https:\/\/blog.alpeslocation.com\/wp-content\/uploads\/2023\/09\/Ete-montagne.png\" \/>\n<meta property=\"og:locale\" content=\"en_US\" \/>\n<meta property=\"og:type\" content=\"article\" \/>\n<meta property=\"og:title\" content=\"E\u0301te montagne - Blog Haute-Savoie :\" \/>\n<meta property=\"og:url\" content=\"https:\/\/blog.alpeslocation.com\/wp-content\/uploads\/2023\/09\/Ete-montagne.png\" \/>\n<meta property=\"og:site_name\" content=\"Blog Haute-Savoie :\" \/>\n<meta property=\"article:publisher\" content=\"https:\/\/www.facebook.com\/alpeslocation74agenceimmobiliere\" \/>\n<meta property=\"article:modified_time\" content=\"2023-09-19T08:25:06+00:00\" \/>\n<meta property=\"og:image\" content=\"https:\/\/blog.alpeslocation.com\/wp-content\/uploads\/2023\/09\/Ete-montagne.png\" \/>\n\t<meta property=\"og:image:width\" content=\"800\" \/>\n\t<meta property=\"og:image:height\" content=\"800\" \/>\n\t<meta property=\"og:image:type\" content=\"image\/png\" \/>\n<meta name=\"twitter:card\" content=\"summary_large_image\" \/>\n<script type=\"application\/ld+json\" class=\"yoast-schema-graph\">{\"@context\":\"https:\/\/schema.org\",\"@graph\":[{\"@type\":\"WebPage\",\"@id\":\"https:\/\/blog.alpeslocation.com\/wp-content\/uploads\/2023\/09\/Ete-montagne.png\",\"url\":\"https:\/\/blog.alpeslocation.com\/wp-content\/uploads\/2023\/09\/Ete-montagne.png\",\"name\":\"E\u0301te montagne - Blog Haute-Savoie :\",\"isPartOf\":{\"@id\":\"https:\/\/blog.alpeslocation.com\/#website\"},\"datePublished\":\"2023-09-19T08:24:54+00:00\",\"dateModified\":\"2023-09-19T08:25:06+00:00\",\"breadcrumb\":{\"@id\":\"https:\/\/blog.alpeslocation.com\/wp-content\/uploads\/2023\/09\/Ete-montagne.png#breadcrumb\"},\"inLanguage\":\"en-US\",\"potentialAction\":[{\"@type\":\"ReadAction\",\"target\":[\"https:\/\/blog.alpeslocation.com\/wp-content\/uploads\/2023\/09\/Ete-montagne.png\"]}]},{\"@type\":\"BreadcrumbList\",\"@id\":\"https:\/\/blog.alpeslocation.com\/wp-content\/uploads\/2023\/09\/Ete-montagne.png#breadcrumb\",\"itemListElement\":[{\"@type\":\"ListItem\",\"position\":1,\"name\":\"Accueil\",\"item\":\"https:\/\/blog.alpeslocation.com\/\"},{\"@type\":\"ListItem\",\"position\":2,\"name\":\"E\u0301te montagne\"}]},{\"@type\":\"WebSite\",\"@id\":\"https:\/\/blog.alpeslocation.com\/#website\",\"url\":\"https:\/\/blog.alpeslocation.com\/\",\"name\":\"Blog Haute-Savoie : Pr\u00e9parez votre s\u00e9jour avec Alpeslocation\",\"description\":\"Pr\u00e9parez votre s\u00e9jour avec Alpeslocation\",\"potentialAction\":[{\"@type\":\"SearchAction\",\"target\":{\"@type\":\"EntryPoint\",\"urlTemplate\":\"https:\/\/blog.alpeslocation.com\/?s={search_term_string}\"},\"query-input\":\"required name=search_term_string\"}],\"inLanguage\":\"en-US\"}]}<\/script>\n<!-- \/ Yoast SEO plugin. -->","yoast_head_json":{"title":"E\u0301te montagne - Blog Haute-Savoie :","robots":{"index":"index","follow":"follow","max-snippet":"max-snippet:-1","max-image-preview":"max-image-preview:large","max-video-preview":"max-video-preview:-1"},"canonical":"https:\/\/blog.alpeslocation.com\/wp-content\/uploads\/2023\/09\/Ete-montagne.png","og_locale":"en_US","og_type":"article","og_title":"E\u0301te montagne - Blog Haute-Savoie :","og_url":"https:\/\/blog.alpeslocation.com\/wp-content\/uploads\/2023\/09\/Ete-montagne.png","og_site_name":"Blog Haute-Savoie :","article_publisher":"https:\/\/www.facebook.com\/alpeslocation74agenceimmobiliere","article_modified_time":"2023-09-19T08:25:06+00:00","og_image":[{"width":800,"height":800,"url":"https:\/\/blog.alpeslocation.com\/wp-content\/uploads\/2023\/09\/Ete-montagne.png","type":"image\/png"}],"twitter_card":"summary_large_image","schema":{"@context":"https:\/\/schema.org","@graph":[{"@type":"WebPage","@id":"https:\/\/blog.alpeslocation.com\/wp-content\/uploads\/2023\/09\/Ete-montagne.png","url":"https:\/\/blog.alpeslocation.com\/wp-content\/uploads\/2023\/09\/Ete-montagne.png","name":"E\u0301te montagne - Blog Haute-Savoie :","isPartOf":{"@id":"https:\/\/blog.alpeslocation.com\/#website"},"datePublished":"2023-09-19T08:24:54+00:00","dateModified":"2023-09-19T08:25:06+00:00","breadcrumb":{"@id":"https:\/\/blog.alpeslocation.com\/wp-content\/uploads\/2023\/09\/Ete-montagne.png#breadcrumb"},"inLanguage":"en-US","potentialAction":[{"@type":"ReadAction","target":["https:\/\/blog.alpeslocation.com\/wp-content\/uploads\/2023\/09\/Ete-montagne.png"]}]},{"@type":"BreadcrumbList","@id":"https:\/\/blog.alpeslocation.com\/wp-content\/uploads\/2023\/09\/Ete-montagne.png#breadcrumb","itemListElement":[{"@type":"ListItem","position":1,"name":"Accueil","item":"https:\/\/blog.alpeslocation.com\/"},{"@type":"ListItem","position":2,"name":"E\u0301te montagne"}]},{"@type":"WebSite","@id":"https:\/\/blog.alpeslocation.com\/#website","url":"https:\/\/blog.alpeslocation.com\/","name":"Blog Haute-Savoie : Pr\u00e9parez votre s\u00e9jour avec Alpeslocation","description":"Pr\u00e9parez votre s\u00e9jour avec Alpeslocation","potentialAction":[{"@type":"SearchAction","target":{"@type":"EntryPoint","urlTemplate":"https:\/\/blog.alpeslocation.com\/?s={search_term_string}"},"query-input":"required name=search_term_string"}],"inLanguage":"en-US"}]}},"description":{"rendered":"<p class=\"attachment\"><a href='https:\/\/blog.alpeslocation.com\/wp-content\/uploads\/2023\/09\/Ete-montagne.png'><img loading=\"lazy\" decoding=\"async\" width=\"300\" height=\"200\" src=\"https:\/\/blog.alpeslocation.com\/wp-content\/uploads\/2023\/09\/Ete-montagne-360x240.png\" class=\"attachment-medium size-medium\" alt=\"Illustration vacances \u00e0 la montagne\" \/><\/a><\/p>\n"},"caption":{"rendered":""},"alt_text":"Illustration vacances \u00e0 la montagne","media_type":"image","mime_type":"image\/png","media_details":{"width":800,"height":800,"file":"2023\/09\/Ete-montagne.png","filesize":1366922,"sizes":{"medium":{"file":"Ete-montagne-360x240.png","width":360,"height":240,"filesize":194567,"mime_type":"image\/png","source_url":"https:\/\/blog.alpeslocation.com\/wp-content\/uploads\/2023\/09\/Ete-montagne-360x240.png"},"large":{"file":"Ete-montagne-800x630.png","width":800,"height":630,"filesize":1076200,"mime_type":"image\/png","source_url":"https:\/\/blog.alpeslocation.com\/wp-content\/uploads\/2023\/09\/Ete-montagne-800x630.png"},"thumbnail":{"file":"Ete-montagne-150x150.png","width":150,"height":150,"filesize":57064,"mime_type":"image\/png","source_url":"https:\/\/blog.alpeslocation.com\/wp-content\/uploads\/2023\/09\/Ete-montagne-150x150.png"},"medium_large":{"file":"Ete-montagne-768x768.png","width":768,"height":768,"filesize":1166317,"mime_type":"image\/png","source_url":"https:\/\/blog.alpeslocation.com\/wp-content\/uploads\/2023\/09\/Ete-montagne-768x768.png"},"mini-thumb":{"file":"Ete-montagne-64x64.png","width":64,"height":64,"filesize":11369,"mime_type":"image\/png","source_url":"https:\/\/blog.alpeslocation.com\/wp-content\/uploads\/2023\/09\/Ete-montagne-64x64.png"},"post":{"file":"Ete-montagne-751x430.png","width":751,"height":430,"filesize":627551,"mime_type":"image\/png","source_url":"https:\/\/blog.alpeslocation.com\/wp-content\/uploads\/2023\/09\/Ete-montagne-751x430.png"},"full":{"file":"Ete-montagne.png","width":800,"height":800,"mime_type":"image\/png","source_url":"https:\/\/blog.alpeslocation.com\/wp-content\/uploads\/2023\/09\/Ete-montagne.png"}},"image_meta":{"aperture":"0","credit":"","camera":"","caption":"","created_timestamp":"0","copyright":"","focal_length":"0","iso":"0","shutter_speed":"0","title":"","orientation":"0","keywords":[]}},"post":null,"source_url":"https:\/\/blog.alpeslocation.com\/wp-content\/uploads\/2023\/09\/Ete-montagne.png","_links":{"self":[{"href":"https:\/\/blog.alpeslocation.com\/en\/wp-json\/wp\/v2\/media\/276"}],"collection":[{"href":"https:\/\/blog.alpeslocation.com\/en\/wp-json\/wp\/v2\/media"}],"about":[{"href":"https:\/\/blog.alpeslocation.com\/en\/wp-json\/wp\/v2\/types\/attachment"}],"author":[{"embeddable":true,"href":"https:\/\/blog.alpeslocation.com\/en\/wp-json\/wp\/v2\/users\/2"}],"replies":[{"embeddable":true,"href":"https:\/\/blog.alpeslocation.com\/en\/wp-json\/wp\/v2\/comments?post=276"}]}}

<!-- This site is optimized with the Yoast SEO plugin v21.3 - https://yoast.com/wordpress/plugins/seo/ -->
<title>Éte montagne - Blog Haute-Savoie :</title>
<meta name="robots" content="index, follow, max-snippet:-1, max-image-preview:large, max-video-preview:-1" />
<link rel="canonical" href="https://blog.alpeslocation.com/wp-content/uploads/2023/09/Ete-montagne.png" />
<meta property="og:locale" content="en_US" />
<meta property="og:type" content="article" />
<meta property="og:title" content="Éte montagne - Blog Haute-Savoie :" />
<meta property="og:url" content="https://blog.alpeslocation.com/wp-content/uploads/2023/09/Ete-montagne.png" />
<meta property="og:site_name" content="Blog Haute-Savoie :" />
<meta property="article:publisher" content="https://www.facebook.com/alpeslocation74agenceimmobiliere" />
<meta property="article:modified_time" content="2023-09-19T08:25:06+00:00" />
<meta property="og:image" content="https://blog.alpeslocation.com/wp-content/uploads/2023/09/Ete-montagne.png" />
	<meta property="og:image:width" content="800" />
	<meta property="og:image:height" content="800" />
	<meta property="og:image:type" content="image/png" />
<meta name="twitter:card" content="summary_large_image" />
<script type="application/ld+json" class="yoast-schema-graph">{"@context":"https://schema.org","@graph":[{"@type":"WebPage","@id":"https://blog.alpeslocation.com/wp-content/uploads/2023/09/Ete-montagne.png","url":"https://blog.alpeslocation.com/wp-content/uploads/2023/09/Ete-montagne.png","name":"Éte montagne - Blog Haute-Savoie :","isPartOf":{"@id":"https://blog.alpeslocation.com/#website"},"datePublished":"2023-09-19T08:24:54+00:00","dateModified":"2023-09-19T08:25:06+00:00","breadcrumb":{"@id":"https://blog.alpeslocation.com/wp-content/uploads/2023/09/Ete-montagne.png#breadcrumb"},"inLanguage":"en-US","potentialAction":[{"@type":"ReadAction","target":["https://blog.alpeslocation.com/wp-content/uploads/2023/09/Ete-montagne.png"]}]},{"@type":"BreadcrumbList","@id":"https://blog.alpeslocation.com/wp-content/uploads/2023/09/Ete-montagne.png#breadcrumb","itemListElement":[{"@type":"ListItem","position":1,"name":"Accueil","item":"https://blog.alpeslocation.com/"},{"@type":"ListItem","position":2,"name":"Éte montagne"}]},{"@type":"WebSite","@id":"https://blog.alpeslocation.com/#website","url":"https://blog.alpeslocation.com/","name":"Blog Haute-Savoie : Préparez votre séjour avec Alpeslocation","description":"Préparez votre séjour avec Alpeslocation","potentialAction":[{"@type":"SearchAction","target":{"@type":"EntryPoint","urlTemplate":"https://blog.alpeslocation.com/?s={search_term_string}"},"query-input":"required name=search_term_string"}],"inLanguage":"en-US"}]}</script>
<!-- / Yoast SEO plugin. -->

Blog Haute-Savoie : Préparez votre séjour avec Alpeslocation

Préparez votre séjour avec Alpeslocation

<p class="attachment"><a href='https://blog.alpeslocation.com/wp-content/uploads/2023/09/Ete-montagne.png'><img loading="lazy" decoding="async" width="300" height="200" src="https://blog.alpeslocation.com/wp-content/uploads/2023/09/Ete-montagne-360x240.png" class="attachment-medium size-medium" alt="Illustration vacances à la montagne" /></a></p>

Illustration vacances à la montagne
